{"id":10533,"date":"2011-04-14T18:00:39","date_gmt":"2011-04-14T18:00:39","guid":{"rendered":"http:\/\/www.rubenpirola.com\/?page_id=11"},"modified":"2024-10-22T11:27:16","modified_gmt":"2024-10-22T14:27:16","slug":"bio","status":"publish","type":"page","link":"https:\/\/rubenpirola.com\/nuevo\/bio\/","title":{"rendered":"Bio"},"content":{"rendered":"<p>&nbsp;<\/p>\n<p><a href=\"http:\/\/www.rubenpirola.com\/wp-content\/uploads\/2019\/04\/bio2019-e1554127015575.jpg\" rel=\"lytebox\"><img loading=\"lazy\" decoding=\"async\" class=\"alignright wp-image-8528 size-medium\" title=\"foto-bio\" src=\"http:\/\/www.rubenpirola.com\/wp-content\/uploads\/2019\/04\/bio2019-e1554127015575-300x252.jpg\" alt=\"\" width=\"300\" height=\"252\" \/><\/a><\/p>\n<p><strong>Nombres y apellido: <\/strong>Rub\u00e9n Regis Pirola<\/p>\n<p><strong>Lugar de Nacimiento: <\/strong>Humberto 1\u00ba, 26 de junio de 1971<\/p>\n<p><strong>Lugar de Residencia: <\/strong>Sarmiento, Provincia de Santa Fe<\/p>\n<p><strong>Estado Civil: <\/strong>Casado-2 hijos<\/p>\n<p><strong>T\u00edtulo: <\/strong>Contador P\u00fablico Nacional egresado de la Universidad Nacional del Litoral<\/p>\n<p><strong>Actividad en el \u00e1mbito p\u00fablico:<br \/>\n<\/strong>-Senador Provincial por el Departamento Las Colonias-2023\/2027.<strong><br \/>\n<\/strong>-Senador Provincial por el Departamento Las Colonias-2019\/2023.<br \/>\n-Senador Provincial por el Departamento Las Colonias-2015\/2019.<br \/>\n-Senador Provincial por el Departamento Las Colonias-2011\/2015.<br \/>\n-Senador Provincial por el Departamento Las Colonias-2007\/2011.<br \/>\nDesignado por mis pares l\u00edder del bloque de Senadores Justicialistas.<br \/>\n<span style=\"font-weight: 400;\">Presidente Provisional del Senado, electo por mis pares en al a\u00f1o 2013, reelecto de\u00a0 manera consecutiva y un\u00e1nime hasta el 2023<\/span><br \/>\n-Administrador General de la Direcci\u00f3n Provincial de Vialidad de la Provincia de Santa Fe.<br \/>\n-Sub Administrador General de la Direcci\u00f3n Provincial de Vialidad-2006.<br \/>\n-Presidente de la Comuna de Sarmiento, departamento Las Colonias-2003\/2006.<br \/>\n-Asesor de la Secretar\u00eda de Estado de Promoci\u00f3n Comunitaria de la Provincia de Santa Fe-2002\/03.<br \/>\n-Secretario de Estado de Hacienda del Ministerio de Econom\u00eda de la Provincia de Tucum\u00e1n-2001\/02.<br \/>\n-Asesor de Bloque de la C\u00e1mara de Diputados de la Provincia de Santa Fe-2000\/01.<br \/>\n-Integrante titular de la Comisi\u00f3n de Asistencia al Usuario para Casos Sociales-1999.<br \/>\n-Director de la Unidad T\u00e9cnica del Proyecto de Implementaci\u00f3n Operativa de la Reforma del Sistema de Administraci\u00f3n Financiera del Sector P\u00fablico de la Provincia de Santa Fe (SIPAF)- 1999.<br \/>\n-Integrante de la Comisi\u00f3n de Redacci\u00f3n del Informe Resumen sobre Estudios de L\u00edmites- 1999.<br \/>\n-Secretario de Hacienda y Finanzas del Ministerio de Hacienda y Finanzas de la Provincia de Santa Fe-1998\/99.<br \/>\n-Integrante de la Comisi\u00f3n de Seguimiento del Proceso de Privatizaci\u00f3n del Banco de Santa Fe (SAPEM)-1998.<br \/>\n-Administrador General -Liquidador- de la Direcci\u00f3n Provincial de Obras Sanitarias-Residual, dependiente del Ministerio de Obras, Servicios P\u00fablicos y Vivienda de la Provincia de Santa Fe- 1998.<br \/>\n-Representante del Poder Ejecutivo en la Comisi\u00f3n Paritaria Ley 10.052-1998.<br \/>\n-Representante de la Comisi\u00f3n para el An\u00e1lisis y Estudio de los Reclamos del Personal Dependiente de la Polic\u00eda de la Provincia y Servicio Penitenciario-1998.<br \/>\n-Integrante ad-honorem de la Comisi\u00f3n de Evaluaci\u00f3n de Ofertas y de las Impugnaciones de la Licitaci\u00f3n P\u00fablica Nacional e Internacional N\u00ba 2064\/97 para la venta de las acciones clase \u201cA\u201d del Nuevo Banco de Santa Fe S.A.-1998.-Integrante de la Unidad Ejecutora para el Desarrollo de la Actividad Productiva, compuesta por funcionarios del Ministerio de Hacienda y Finanzas y del Ministerio de Agricultura, Ganader\u00eda, Industria y Comercio.<br \/>\n-S\u00edndico Suplente del Banco Santafesino de Inversi\u00f3n y Desarrollo S.A.-1996\/2000.<br \/>\n-Asesor del Ministerio de Hacienda y Finanzas con funciones en la Secretar\u00eda de Hacienda y Finanzas de la Provincia de Santa Fe-1996\/98.<\/p>\n<p><strong>Actividad Partidaria:<br \/>\n<\/strong>Electo Vice Presidente del Partido Justicialista.<\/p>\n<p>&#8211; 1er congresal provincial titular del Partido Justicialista de la Provincia de Santa Fe. 2012-2016<\/p>\n<p>&#8211; Secretario de Prensa y Difusi\u00f3n del Concejo Ejecutivo del \u00a0Partido Justicialista de la Provincia de Santa Fe. 2012-2016<\/p>\n<p>-Congresal Provincial Titular del Partido Justicialista-2004\/08.<\/p>\n<p>-Vocal Titular del Consejo Ejecutivo Provincial del Partido Justicialista-2004\/08.<\/p>\n<p>-Secretario de Finanzas de la Departamental de Las Colonias del Partido Justicialista-2004\/08.<\/p>\n<p>-Secretario Adjunto de la Departamental de Las Colonias de la Juventud Peronista-2000.<\/p>\n<p><strong>Actividad en la Docencia:<br \/>\n<\/strong>-Profesor de la universidad de ciencias empresariales y sociales UCES sede Rafaela en la carrera Comercio Exterior en la materia Microeconomia y Finanzas para Empresas<\/p>\n<p><strong>Actividad Privada:<\/strong><br \/>\n-Asesor de empresas junto a otros profesionales de 1995 a la fecha.<br \/>\n<span style=\"font-size: x-small;\"><br \/>\n<\/span><\/p>\n","protected":false},"excerpt":{"rendered":"<p>&nbsp; Nombres y apellido: Rub\u00e9n Regis Pirola Lugar de Nacimiento: Humberto 1\u00ba, 26 de junio de 1971 Lugar de Residencia:&nbsp;<\/p>\n","protected":false},"author":1,"featured_media":0,"parent":0,"menu_order":0,"comment_status":"open","ping_status":"open","template":"","meta":{"_acf_changed":false,"_joinchat":[],"footnotes":""},"class_list":["post-10533","page","type-page","status-publish","hentry"],"acf":[],"_links":{"self":[{"href":"https:\/\/rubenpirola.com\/nuevo\/wp-json\/wp\/v2\/pages\/10533","targetHints":{"allow":["GET"]}}],"collection":[{"href":"https:\/\/rubenpirola.com\/nuevo\/wp-json\/wp\/v2\/pages"}],"about":[{"href":"https:\/\/rubenpirola.com\/nuevo\/wp-json\/wp\/v2\/types\/page"}],"author":[{"embeddable":true,"href":"https:\/\/rubenpirola.com\/nuevo\/wp-json\/wp\/v2\/users\/1"}],"replies":[{"embeddable":true,"href":"https:\/\/rubenpirola.com\/nuevo\/wp-json\/wp\/v2\/comments?post=10533"}],"version-history":[{"count":5,"href":"https:\/\/rubenpirola.com\/nuevo\/wp-json\/wp\/v2\/pages\/10533\/revisions"}],"predecessor-version":[{"id":15385,"href":"https:\/\/rubenpirola.com\/nuevo\/wp-json\/wp\/v2\/pages\/10533\/revisions\/15385"}],"wp:attachment":[{"href":"https:\/\/rubenpirola.com\/nuevo\/wp-json\/wp\/v2\/media?parent=10533"}],"curies":[{"name":"wp","href":"https:\/\/api.w.org\/{rel}","templated":true}]}}

<p>&nbsp;</p>
<p><a href="http://www.rubenpirola.com/wp-content/uploads/2019/04/bio2019-e1554127015575.jpg" rel="lytebox"><img loading="lazy" decoding="async" class="alignright wp-image-8528 size-medium" title="foto-bio" src="http://www.rubenpirola.com/wp-content/uploads/2019/04/bio2019-e1554127015575-300x252.jpg" alt="" width="300" height="252" /></a></p>
<p><strong>Nombres y apellido: </strong>Rubén Regis Pirola</p>
<p><strong>Lugar de Nacimiento: </strong>Humberto 1º, 26 de junio de 1971</p>
<p><strong>Lugar de Residencia: </strong>Sarmiento, Provincia de Santa Fe</p>
<p><strong>Estado Civil: </strong>Casado-2 hijos</p>
<p><strong>Título: </strong>Contador Público Nacional egresado de la Universidad Nacional del Litoral</p>
<p><strong>Actividad en el ámbito público:<br />
</strong>-Senador Provincial por el Departamento Las Colonias-2023/2027.<strong><br />
</strong>-Senador Provincial por el Departamento Las Colonias-2019/2023.<br />
-Senador Provincial por el Departamento Las Colonias-2015/2019.<br />
-Senador Provincial por el Departamento Las Colonias-2011/2015.<br />
-Senador Provincial por el Departamento Las Colonias-2007/2011.<br />
Designado por mis pares líder del bloque de Senadores Justicialistas.<br />
<span style="font-weight: 400;">Presidente Provisional del Senado, electo por mis pares en al año 2013, reelecto de  manera consecutiva y unánime hasta el 2023</span><br />
-Administrador General de la Dirección Provincial de Vialidad de la Provincia de Santa Fe.<br />
-Sub Administrador General de la Dirección Provincial de Vialidad-2006.<br />
-Presidente de la Comuna de Sarmiento, departamento Las Colonias-2003/2006.<br />
-Asesor de la Secretaría de Estado de Promoción Comunitaria de la Provincia de Santa Fe-2002/03.<br />
-Secretario de Estado de Hacienda del Ministerio de Economía de la Provincia de Tucumán-2001/02.<br />
-Asesor de Bloque de la Cámara de Diputados de la Provincia de Santa Fe-2000/01.<br />
-Integrante titular de la Comisión de Asistencia al Usuario para Casos Sociales-1999.<br />
-Director de la Unidad Técnica del Proyecto de Implementación Operativa de la Reforma del Sistema de Administración Financiera del Sector Público de la Provincia de Santa Fe (SIPAF)- 1999.<br />
-Integrante de la Comisión de Redacción del Informe Resumen sobre Estudios de Límites- 1999.<br />
-Secretario de Hacienda y Finanzas del Ministerio de Hacienda y Finanzas de la Provincia de Santa Fe-1998/99.<br />
-Integrante de la Comisión de Seguimiento del Proceso de Privatización del Banco de Santa Fe (SAPEM)-1998.<br />
-Administrador General -Liquidador- de la Dirección Provincial de Obras Sanitarias-Residual, dependiente del Ministerio de Obras, Servicios Públicos y Vivienda de la Provincia de Santa Fe- 1998.<br />
-Representante del Poder Ejecutivo en la Comisión Paritaria Ley 10.052-1998.<br />
-Representante de la Comisión para el Análisis y Estudio de los Reclamos del Personal Dependiente de la Policía de la Provincia y Servicio Penitenciario-1998.<br />
-Integrante ad-honorem de la Comisión de Evaluación de Ofertas y de las Impugnaciones de la Licitación Pública Nacional e Internacional Nº 2064/97 para la venta de las acciones clase “A” del Nuevo Banco de Santa Fe S.A.-1998.-Integrante de la Unidad Ejecutora para el Desarrollo de la Actividad Productiva, compuesta por funcionarios del Ministerio de Hacienda y Finanzas y del Ministerio de Agricultura, Ganadería, Industria y Comercio.<br />
-Síndico Suplente del Banco Santafesino de Inversión y Desarrollo S.A.-1996/2000.<br />
-Asesor del Ministerio de Hacienda y Finanzas con funciones en la Secretaría de Hacienda y Finanzas de la Provincia de Santa Fe-1996/98.</p>
<p><strong>Actividad Partidaria:<br />
</strong>Electo Vice Presidente del Partido Justicialista.</p>
<p>&#8211; 1er congresal provincial titular del Partido Justicialista de la Provincia de Santa Fe. 2012-2016</p>
<p>&#8211; Secretario de Prensa y Difusión del Concejo Ejecutivo del  Partido Justicialista de la Provincia de Santa Fe. 2012-2016</p>
<p>-Congresal Provincial Titular del Partido Justicialista-2004/08.</p>
<p>-Vocal Titular del Consejo Ejecutivo Provincial del Partido Justicialista-2004/08.</p>
<p>-Secretario de Finanzas de la Departamental de Las Colonias del Partido Justicialista-2004/08.</p>
<p>-Secretario Adjunto de la Departamental de Las Colonias de la Juventud Peronista-2000.</p>
<p><strong>Actividad en la Docencia:<br />
</strong>-Profesor de la universidad de ciencias empresariales y sociales UCES sede Rafaela en la carrera Comercio Exterior en la materia Microeconomia y Finanzas para Empresas</p>
<p><strong>Actividad Privada:</strong><br />
-Asesor de empresas junto a otros profesionales de 1995 a la fecha.<br />
<span style="font-size: x-small;"><br />
</span></p>

<p>&nbsp; Nombres y apellido: Rubén Regis Pirola Lugar de Nacimiento: Humberto 1º, 26 de junio de 1971 Lugar de Residencia:&nbsp;</p>
