{"id":10535,"date":"2011-04-14T18:04:21","date_gmt":"2011-04-14T18:04:21","guid":{"rendered":"http:\/\/www.rubenpirola.com\/?page_id=15"},"modified":"2024-06-07T16:06:13","modified_gmt":"2024-06-07T19:06:13","slug":"nuestro-departamento","status":"publish","type":"page","link":"https:\/\/rubenpirola.com\/nuevo\/nuestro-departamento\/","title":{"rendered":"Nuestro Departamento"},"content":{"rendered":"<p><strong>Departamento Las Colonias:<\/strong><\/p>\n<div class=\"d-md-flex align-items-md-center\">\n<div class=\"pr-md-4\">\nEl departamento posee una superficie de 6.439 km\u00b2 y limita al este con los departamentos San Justo y La Capital, al sur con los de San Jer\u00f3nimo y San Mart\u00edn, al oeste con el departamento Castellanos y al norte con el departamento San Crist\u00f3bal.<\/p>\n<p><strong>Poblaci\u00f3n total:<\/strong> 106.761<br \/>\n<strong>Mujeres<\/strong> 54143<br \/>\n<strong>Hombres<\/strong> 52168<br \/>\n<strong>Viviendas:<\/strong> 40459<br \/>\nSeg\u00fan informaci\u00f3n del Censo Nacional de Poblaci\u00f3n, Hogares y Viviendas 2010.\n<\/div>\n<p><div style=\"width: 190px\" class=\"wp-caption alignright\"><img loading=\"lazy\" decoding=\"async\" title=\"Departamento Las Colonias\" src=\"http:\/\/upload.wikimedia.org\/wikipedia\/commons\/thumb\/4\/43\/Departamento_Las_Colonias_%28Santa_Fe_-_Argentina%29.png\/180px-Departamento_Las_Colonias_%28Santa_Fe_-_Argentina%29.png\" alt=\"Departamento Las Colonias\" width=\"180\" height=\"304\" \/><p class=\"wp-caption-text\">Departamento Las Colonias<\/p><\/div>\n<\/div>\n<p>&nbsp;<\/p>\n<p><strong><br \/>\nLocalidades que integran el Departamento:<\/strong><\/p>\n<p><strong>Ciudad Cabecera<\/strong>:<br \/>\n<a href=\"http:\/\/www.e-esperanza.gov.ar\/\" target=\"_blank\" rel=\"noopener\">Esperanza<\/a><\/p>\n<p><strong>Ciudad:<\/strong><br \/>\n<a href=\"http:\/\/www.sancarloscentro.gov.ar\" target=\"_blank\" rel=\"noopener\">San Carlos Centro <\/a><\/p>\n<p><strong>Comunas:<br \/>\n<\/strong><a href=\"http:\/\/www.mininterior.gov.ar\/municipios\/masinfo.php?municipio=SFE078&amp;idName=municipios&amp;idNameSubMenu=&amp;idNameSubMenuDer=&amp;idNameSubMenuDerNivel2=&amp;idNameSubMenuDerPrincipal=\" target=\"_blank\" rel=\"noopener\">Colonia Cavour<\/a><br \/>\nColonia San Jos\u00e9<br \/>\n<a href=\"http:\/\/es.wikipedia.org\/wiki\/Culul%C3%BA\" target=\"_blank\" rel=\"noopener\">Culul\u00fa<\/a><br \/>\n<a href=\"http:\/\/es.wikipedia.org\/wiki\/Elisa_%28Santa_Fe%29\" target=\"_blank\" rel=\"noopener\">Elisa<\/a><br \/>\n<a href=\"http:\/\/es.wikipedia.org\/wiki\/Empalme_San_Carlos\" target=\"_blank\" rel=\"noopener\">Empalme San Carlos<\/a><br \/>\n<a href=\"http:\/\/es.wikipedia.org\/wiki\/Felicia_%28Santa_Fe%29\" target=\"_blank\" rel=\"noopener\">Felicia<\/a><a href=\"http:\/\/grutly.com\" target=\"_blank\" rel=\"noopener\"><br \/>\n<\/a><a href=\"http:\/\/www.franck.gob.ar\/\" target=\"_blank\" rel=\"noopener\">Franck<\/a><a href=\"http:\/\/grutly.com\" target=\"_blank\" rel=\"noopener\"><br \/>\n<\/a>Grutly<a href=\"http:\/\/grutly.com\" target=\"_blank\" rel=\"noopener\"><br \/>\n<\/a>Hipatia<br \/>\nHumboldt<a href=\"http:\/\/www.humboldt.gov.ar\" target=\"_blank\" rel=\"noopener\"><br \/>\n<\/a>Ituzaing\u00f3<br \/>\nJacinto L. Arauz<br \/>\nLa Pelada<br \/>\nLas Tunas<br \/>\nMar\u00eda Luisa<br \/>\nMatilde<br \/>\nNuevo Torino<br \/>\nPilar<br \/>\nProgreso<br \/>\nProvidencia<br \/>\nPujato Norte<br \/>\nRivadavia<br \/>\nSa Pereira<br \/>\nSan Agust\u00edn<br \/>\nSan Carlos Norte<br \/>\nSan Carlos Sud<br \/>\nSan Jeronimo del Sauce<br \/>\nSan Jeronimo Norte<br \/>\nSan Mariano<br \/>\nSanta Clara de Buena Vista<br \/>\nSanta Mar\u00eda Centro<br \/>\nSanta Mar\u00eda Norte<br \/>\nSanto Domingo<br \/>\nSarmiento<br \/>\nSoutomayor<\/p>\n","protected":false},"excerpt":{"rendered":"<p>Departamento Las Colonias: El departamento posee una superficie de 6.439 km\u00b2 y limita al este con los departamentos San Justo&nbsp;<\/p>\n","protected":false},"author":1,"featured_media":0,"parent":0,"menu_order":0,"comment_status":"open","ping_status":"open","template":"","meta":{"_acf_changed":false,"_joinchat":[],"footnotes":""},"class_list":["post-10535","page","type-page","status-publish","hentry"],"acf":[],"_links":{"self":[{"href":"https:\/\/rubenpirola.com\/nuevo\/wp-json\/wp\/v2\/pages\/10535","targetHints":{"allow":["GET"]}}],"collection":[{"href":"https:\/\/rubenpirola.com\/nuevo\/wp-json\/wp\/v2\/pages"}],"about":[{"href":"https:\/\/rubenpirola.com\/nuevo\/wp-json\/wp\/v2\/types\/page"}],"author":[{"embeddable":true,"href":"https:\/\/rubenpirola.com\/nuevo\/wp-json\/wp\/v2\/users\/1"}],"replies":[{"embeddable":true,"href":"https:\/\/rubenpirola.com\/nuevo\/wp-json\/wp\/v2\/comments?post=10535"}],"version-history":[{"count":8,"href":"https:\/\/rubenpirola.com\/nuevo\/wp-json\/wp\/v2\/pages\/10535\/revisions"}],"predecessor-version":[{"id":15124,"href":"https:\/\/rubenpirola.com\/nuevo\/wp-json\/wp\/v2\/pages\/10535\/revisions\/15124"}],"wp:attachment":[{"href":"https:\/\/rubenpirola.com\/nuevo\/wp-json\/wp\/v2\/media?parent=10535"}],"curies":[{"name":"wp","href":"https:\/\/api.w.org\/{rel}","templated":true}]}}