{"id":15126,"date":"2024-06-07T16:13:09","date_gmt":"2024-06-07T19:13:09","guid":{"rendered":"https:\/\/rubenpirola.com\/nuevo\/?page_id=15126"},"modified":"2025-06-18T09:16:09","modified_gmt":"2025-06-18T12:16:09","slug":"aportes-y-subsidios","status":"publish","type":"page","link":"https:\/\/rubenpirola.com\/nuevo\/aportes-y-subsidios\/","title":{"rendered":"Aportes y Subsidios"},"content":{"rendered":"<p>Cada C\u00e1mara Legislativa cuenta con partidas presupuestarias destinadas a afrontar subsidios con respaldo en la normativa citada y sujetos a rendici\u00f3n de cuentas y control por parte del Tribunal de Cuentas de la Provincia.<\/p>\n<p>La C\u00e1mara de Senadores de la Provincia de Santa Fe en el marco de lo dispuesto por la Constituci\u00f3n Provincial y conforme al Presupuesto de C\u00e1lculo Anual de Gastos y Recursos Generales de la Provincia de Santa Fe (Presupuesto Provincial) promulgado por el Poder Ejecutivo Provincial (Gobernador de la Provincia de Santa Fe) tiene asignados recursos espec\u00edficos para cada per\u00edodo anual.<\/p>\n<p><strong>Los mismos son gestionados y distribuidos a Instituciones de los 19 departamentos por cada uno de los 19 Senadores Provinciales respectivamente as\u00ed como por el Vicegobernador\u00a0 de la Provincia (en su desempe\u00f1o como Presidente de la C\u00e1mara de Senadores)\u00a0 y que poseen id\u00e9nticos montos anuales cada uno de ellos con destino a diversas finalidades:<\/strong><\/p>\n<p><strong>Educaci\u00f3n y Cultura:<\/strong><br \/>\nApoyo a actividades educativas y culturales llevadas adelante por los distintos establecimientos y entidades del departamento.<\/p>\n<p><strong>Asistencia a estudiantes de distintos niveles educativos.<\/strong><br \/>\nProvisi\u00f3n de banderas nacionales y provinciales a establecimientos educativos y culturales.<\/p>\n<p><strong>Salud:<\/strong><br \/>\nAsistencia a instituciones prestadoras de servicios de salud.<br \/>\nAsistencia a personas con necesidades urgentes en materia de salud.<\/p>\n<p><strong>Infraestructura y equipamiento:<\/strong><br \/>\nAportes para la adquisici\u00f3n de equipamiento, construcci\u00f3n o reparaci\u00f3n de infraestructura y desarrollo de proyectos en materia de salud, educaci\u00f3n, prevenci\u00f3n, seguridad, etc.<\/p>\n<p><strong>Ayudas Sociales:<\/strong><br \/>\nAyudas para la atenci\u00f3n de necesidades urgentes de personas e instituciones.<\/p>\n<p><strong>Fiestas Regionales y Eventos:<\/strong><br \/>\nApoyo para la realizaci\u00f3n de fiestas locales, regionales o provinciales, ferias, aniversarios y otros eventos de inter\u00e9s p\u00fablico organizados por las distintas localidades y entidades del departamento.<\/p>\n<p><strong>Deportes:<\/strong><br \/>\nAsistencia a clubes y deportistas para el financiamiento de sus actividades.<\/p>\n<p><strong>Detallada rendici\u00f3n de cuentas.<br \/>\n<\/strong>En este espacio de la web encuentran el listado completo de los aportes realizados a lo largo de los 4 a\u00f1os del \u00faltimo per\u00edodo de mi mandato. S\u00f3lo es necesario clickear sobre cada uno de los t\u00edtulos para acceder a la informaci\u00f3n completa.<\/p>\n","protected":false},"excerpt":{"rendered":"<p>Cada C\u00e1mara Legislativa cuenta con partidas presupuestarias destinadas a afrontar subsidios con respaldo en la normativa citada y sujetos a&nbsp;<\/p>\n","protected":false},"author":1,"featured_media":0,"parent":0,"menu_order":0,"comment_status":"closed","ping_status":"closed","template":"page-aportes.php","meta":{"_acf_changed":false,"_joinchat":[],"footnotes":""},"class_list":["post-15126","page","type-page","status-publish","hentry"],"acf":[],"_links":{"self":[{"href":"https:\/\/rubenpirola.com\/nuevo\/wp-json\/wp\/v2\/pages\/15126","targetHints":{"allow":["GET"]}}],"collection":[{"href":"https:\/\/rubenpirola.com\/nuevo\/wp-json\/wp\/v2\/pages"}],"about":[{"href":"https:\/\/rubenpirola.com\/nuevo\/wp-json\/wp\/v2\/types\/page"}],"author":[{"embeddable":true,"href":"https:\/\/rubenpirola.com\/nuevo\/wp-json\/wp\/v2\/users\/1"}],"replies":[{"embeddable":true,"href":"https:\/\/rubenpirola.com\/nuevo\/wp-json\/wp\/v2\/comments?post=15126"}],"version-history":[{"count":8,"href":"https:\/\/rubenpirola.com\/nuevo\/wp-json\/wp\/v2\/pages\/15126\/revisions"}],"predecessor-version":[{"id":15728,"href":"https:\/\/rubenpirola.com\/nuevo\/wp-json\/wp\/v2\/pages\/15126\/revisions\/15728"}],"wp:attachment":[{"href":"https:\/\/rubenpirola.com\/nuevo\/wp-json\/wp\/v2\/media?parent=15126"}],"curies":[{"name":"wp","href":"https:\/\/api.w.org\/{rel}","templated":true}]}}