{"id":8084,"date":"2018-11-14T17:57:37","date_gmt":"2018-11-14T20:57:37","guid":{"rendered":"http:\/\/www.rubenpirola.com\/?page_id=8084"},"modified":"2024-06-07T22:30:12","modified_gmt":"2024-06-08T01:30:12","slug":"contactos-en-positivo","status":"publish","type":"page","link":"https:\/\/rubenpirola.com\/nuevo\/contactos-en-positivo\/","title":{"rendered":"Contactos en Positivo."},"content":{"rendered":"<p>Contactos en Positivo es una nueva iniciativa que junto a mi equipo implementamos \u00a0en busca de facilitar el acceso a la informaci\u00f3n, ampliando los canales de comunicaci\u00f3n para de esta manera seguir rindiendo cuentas de lo actuado d\u00eda a d\u00eda en defensa de los intereses de los habitantes de Las Colonias en particular y de los santafesinos en general.\u00a0 Los interesados de participar en esta novedosa experiencia pueden enviar un mensaje al\u00a0 +54 9 342\u00a0 5390021 y de esta manera \u00a0sumarse como un nuevo contacto en positivo.<\/p>\n<p>Para sumar tu contacto envia tu nombre y apellido ahora, siguiendo el link |<\/p>\n<p><strong>Respuestas concretas a preguntas frecuentes:<\/strong><br \/>\nAqu\u00ed dejamos un compilado de respuestas a preguntas que de manera frecuente recibimos, las listamos aqu\u00ed para facilitar y agilizar el contacto de manera de tener el canal de comunicaci\u00f3n de WhatsApp ordenado para que la comunicaci\u00f3n de ida y vuelta que pretendemos pueda fluir sin inconvenientes.<\/p>\n<p><strong>Gestiones ante organismos, nacionales, provinciales y dem\u00e1s.<\/strong><br \/>\nMi equipo de trabajo est\u00e1 conformado por diferentes personas con variadas competencias lo que nos permite acompa\u00f1ar gestiones ante gran cantidad de organismos, adem\u00e1s tienen el conocimiento necesario para orientar cualquier otro tr\u00e1mite que no pudieran realizar de manera directa. Para hacernos llegar sus inquietudes sobre como coordinar posibles gestiones pueden hacerlo completando el formulario de contacto que encontraran en el siguiente link | <a href=\"https:\/\/rubenpirola.com\/nuevo\/en-contacto\">https:\/\/rubenpirola.com\/nuevo\/en-contacto<\/a><\/p>\n<p><strong>Aportes.<\/strong><br \/>\nAntes de solicitar cualquier aporte ya sea para una instituci\u00f3n o si la solicitud es personal les recomendamos informarse sobre los requisitos y posibilidades que desde la C\u00e1mara de Senadores tenemos en el marco del Programa de Fortalecimiento Institucional, informaci\u00f3n que pueden ver aqu\u00ed |<\/p>\n<p><strong>Empleos.<\/strong><br \/>\nToda solicitud de ayuda en la b\u00fasqueda laboral es tenida en cuenta y cada pedido es puesto en consideraci\u00f3n para cruzar datos, y son circulados peri\u00f3dicamente a una red de contactos que desde la oficina del Senador fuimos generando, aqu\u00ed dejar en claro y hacer la salvedad que nuestra posibilidad es s\u00f3lo esa acompa\u00f1ar la necesidad y vehiculizar informaci\u00f3n con conocidos, no tenemos la capacidad de tomar o influir de manera alguna en la contrataci\u00f3n de personal, si ponemos lo mejor de nosotros para que ese pedido circule por la mayor cantidad de lugares posibles.<\/p>\n<p><strong>Programas Vigentes.<\/strong><br \/>\nSi la consulta es por cualquiera de los programas que el Senador tiene vigentes la informaci\u00f3n detallada de cada uno de ellos podr\u00e1n encontrarla en cada uno de los espacios espec\u00edficos que \u00e9stos tienen en la web, algunos de \u00e9stos los listamos aqu\u00ed junto al link correspondiente:<br \/>\nMascotas Las Colonias | <a href=\"https:\/\/rubenpirola.com\/nuevo\/mascotas\/\">http:\/\/www.rubenpirola.com\/mascotas\/<\/a><br \/>\nUn Recreo en Positivo | <a href=\"https:\/\/rubenpirola.com\/nuevo\/un-recreo-en-positivo\/\">http:\/\/www.rubenpirola.com\/un-recreo-en-positivo<\/a><br \/>\nCiudadanos en el Senado |<br \/>\nCasa del Senado |<br \/>\nJuntos y en Positivo |<br \/>\nAportes |<br \/>\nPunto Positivo |<br \/>\nJ\u00f3venes Digitales en Positivo |<\/p>\n<p><strong>Info de Contacto<\/strong><br \/>\nGeneral L\u00f3pez 3055 C.P. 3000<br \/>\n<a href=\"mailto:info@rubenpirola.com\">info@rubenpirola.com<\/a><br \/>\nV\u00eda web<\/p>\n","protected":false},"excerpt":{"rendered":"<p>Contactos en Positivo es una nueva iniciativa que junto a mi equipo implementamos \u00a0en busca de facilitar el acceso a&nbsp;<\/p>\n","protected":false},"author":1,"featured_media":15048,"parent":0,"menu_order":0,"comment_status":"closed","ping_status":"closed","template":"","meta":{"_acf_changed":false,"_joinchat":[],"footnotes":""},"class_list":["post-8084","page","type-page","status-publish","has-post-thumbnail","hentry"],"acf":[],"_links":{"self":[{"href":"https:\/\/rubenpirola.com\/nuevo\/wp-json\/wp\/v2\/pages\/8084","targetHints":{"allow":["GET"]}}],"collection":[{"href":"https:\/\/rubenpirola.com\/nuevo\/wp-json\/wp\/v2\/pages"}],"about":[{"href":"https:\/\/rubenpirola.com\/nuevo\/wp-json\/wp\/v2\/types\/page"}],"author":[{"embeddable":true,"href":"https:\/\/rubenpirola.com\/nuevo\/wp-json\/wp\/v2\/users\/1"}],"replies":[{"embeddable":true,"href":"https:\/\/rubenpirola.com\/nuevo\/wp-json\/wp\/v2\/comments?post=8084"}],"version-history":[{"count":5,"href":"https:\/\/rubenpirola.com\/nuevo\/wp-json\/wp\/v2\/pages\/8084\/revisions"}],"predecessor-version":[{"id":15144,"href":"https:\/\/rubenpirola.com\/nuevo\/wp-json\/wp\/v2\/pages\/8084\/revisions\/15144"}],"wp:featuredmedia":[{"embeddable":true,"href":"https:\/\/rubenpirola.com\/nuevo\/wp-json\/wp\/v2\/media\/15048"}],"wp:attachment":[{"href":"https:\/\/rubenpirola.com\/nuevo\/wp-json\/wp\/v2\/media?parent=8084"}],"curies":[{"name":"wp","href":"https:\/\/api.w.org\/{rel}","templated":true}]}}