{"id":8803,"date":"2019-06-11T19:36:24","date_gmt":"2019-06-11T22:36:24","guid":{"rendered":"https:\/\/www.rubenpirola.com\/?page_id=8803"},"modified":"2024-06-06T12:49:06","modified_gmt":"2024-06-06T15:49:06","slug":"juntos-y-en-positivo","status":"publish","type":"page","link":"https:\/\/rubenpirola.com\/nuevo\/juntos-y-en-positivo\/","title":{"rendered":"Juntos y en Positivo"},"content":{"rendered":"<p>Juntos y en Positivo es un programa creado e impulsado por El Senador Rub\u00e9n Pirola para potenciar el desarrollo de todas las propuestas productivas que el Departamento posee, y que por diferentes motivos necesitan el apoyo estrat\u00e9gico del sector p\u00fablico. El programa se propone a trav\u00e9s de un trabajo conjunto y coordinado entre el Senador y los emprendedores locales para dar\u00a0 una amplia difusi\u00f3n a todo el potencial que el\u00a0 Departamento Las Colonias tiene para ofrecer.<\/p>\n<p><strong>Pirola: \u201cCon el programa Juntos y en Positivo pusimos en marcha una herramienta que ayuda al desarrollo econ\u00f3mico de Las Colonias\u201d<\/strong><\/p>\n<p>Desde el primer d\u00eda en el cargo entend\u00ed que la representaci\u00f3n territorial excede a la responsabilidad de legislar en funci\u00f3n de la realidad del Departamento, representar los intereses de los hombres y mujeres de Las Colonias desde siempre signific\u00f3 hacer propias las necesidades de cada uno de los habitantes de las localidades y adem\u00e1s de legislar en funci\u00f3n de ello, gestionar, peticionar y trabajar en equipo para aportar soluciones, para lograr recursos y obras que sirvan al mejoramiento de la calidad de vida de quienes eligen a Las Colonias como su lugar en el mundo.<\/p>\n<p>Mucho hemos conseguido, hay obras como nunca antes en el Departamento y los recursos a diferentes instituciones, fruto del Programa de Fortalecimiento Institucional, tambi\u00e9n llegan de manera permanente.<\/p>\n<p>Con todo eso funcionando hace un tiempo volvimos a dar otro salto de calidad para el cargo, potenciando el acompa\u00f1amiento de los intereses de nuestros vecinos elevando y resignificando nuevamente el concepto de representaci\u00f3n, en esta oportunidad con la idea de sumar acciones tangibles al desarrollo productivo de quienes generan trabajo, que como consecuencia l\u00f3gica trae un estado de bienestar superior para todo el territorio.<\/p>\n<p>Es as\u00ed que creamos Juntos y en Positivo un programa que crea una poderosa herramienta que permite a quienes trabajan en Las Colonias expandir su propuesta de valor generando m\u00e1s y mejor trabajo en nuestro Departamento y que en este caso se vuelve a materializar con una isla especial en Expodema 2019\u00a0 que le permite participar a empresas y emprendedores de Las Colonias que de otra manera se ver\u00edan imposibilitados de visibilizar su trabajo en este importante evento, al que siempre he acompa\u00f1ado.<\/p>\n","protected":false},"excerpt":{"rendered":"<p>Juntos y en Positivo es un programa creado e impulsado por El Senador Rub\u00e9n Pirola para potenciar el desarrollo de&nbsp;<\/p>\n","protected":false},"author":1,"featured_media":15040,"parent":0,"menu_order":0,"comment_status":"closed","ping_status":"closed","template":"","meta":{"_acf_changed":false,"_joinchat":[],"footnotes":""},"class_list":["post-8803","page","type-page","status-publish","has-post-thumbnail","hentry"],"acf":[],"_links":{"self":[{"href":"https:\/\/rubenpirola.com\/nuevo\/wp-json\/wp\/v2\/pages\/8803","targetHints":{"allow":["GET"]}}],"collection":[{"href":"https:\/\/rubenpirola.com\/nuevo\/wp-json\/wp\/v2\/pages"}],"about":[{"href":"https:\/\/rubenpirola.com\/nuevo\/wp-json\/wp\/v2\/types\/page"}],"author":[{"embeddable":true,"href":"https:\/\/rubenpirola.com\/nuevo\/wp-json\/wp\/v2\/users\/1"}],"replies":[{"embeddable":true,"href":"https:\/\/rubenpirola.com\/nuevo\/wp-json\/wp\/v2\/comments?post=8803"}],"version-history":[{"count":1,"href":"https:\/\/rubenpirola.com\/nuevo\/wp-json\/wp\/v2\/pages\/8803\/revisions"}],"predecessor-version":[{"id":15061,"href":"https:\/\/rubenpirola.com\/nuevo\/wp-json\/wp\/v2\/pages\/8803\/revisions\/15061"}],"wp:featuredmedia":[{"embeddable":true,"href":"https:\/\/rubenpirola.com\/nuevo\/wp-json\/wp\/v2\/media\/15040"}],"wp:attachment":[{"href":"https:\/\/rubenpirola.com\/nuevo\/wp-json\/wp\/v2\/media?parent=8803"}],"curies":[{"name":"wp","href":"https:\/\/api.w.org\/{rel}","templated":true}]}}

<p>Juntos y en Positivo es un programa creado e impulsado por El Senador Rubén Pirola para potenciar el desarrollo de todas las propuestas productivas que el Departamento posee, y que por diferentes motivos necesitan el apoyo estratégico del sector público. El programa se propone a través de un trabajo conjunto y coordinado entre el Senador y los emprendedores locales para dar  una amplia difusión a todo el potencial que el  Departamento Las Colonias tiene para ofrecer.</p>
<p><strong>Pirola: “Con el programa Juntos y en Positivo pusimos en marcha una herramienta que ayuda al desarrollo económico de Las Colonias”</strong></p>
<p>Desde el primer día en el cargo entendí que la representación territorial excede a la responsabilidad de legislar en función de la realidad del Departamento, representar los intereses de los hombres y mujeres de Las Colonias desde siempre significó hacer propias las necesidades de cada uno de los habitantes de las localidades y además de legislar en función de ello, gestionar, peticionar y trabajar en equipo para aportar soluciones, para lograr recursos y obras que sirvan al mejoramiento de la calidad de vida de quienes eligen a Las Colonias como su lugar en el mundo.</p>
<p>Mucho hemos conseguido, hay obras como nunca antes en el Departamento y los recursos a diferentes instituciones, fruto del Programa de Fortalecimiento Institucional, también llegan de manera permanente.</p>
<p>Con todo eso funcionando hace un tiempo volvimos a dar otro salto de calidad para el cargo, potenciando el acompañamiento de los intereses de nuestros vecinos elevando y resignificando nuevamente el concepto de representación, en esta oportunidad con la idea de sumar acciones tangibles al desarrollo productivo de quienes generan trabajo, que como consecuencia lógica trae un estado de bienestar superior para todo el territorio.</p>
<p>Es así que creamos Juntos y en Positivo un programa que crea una poderosa herramienta que permite a quienes trabajan en Las Colonias expandir su propuesta de valor generando más y mejor trabajo en nuestro Departamento y que en este caso se vuelve a materializar con una isla especial en Expodema 2019  que le permite participar a empresas y emprendedores de Las Colonias que de otra manera se verían imposibilitados de visibilizar su trabajo en este importante evento, al que siempre he acompañado.</p>

<p>Juntos y en Positivo es un programa creado e impulsado por El Senador Rubén Pirola para potenciar el desarrollo de&nbsp;</p>
